0161 + -13516?
213342
In base 5, what is -13414 + 2003411?
1434442
In base 8, what is -11006 - 256134?
-267142
In base 8, what is 207233535 - 11?
207233524
In base 11, what is 3a2883 + 20?
3a28a3
In base 2, what is 1001 + -10001100010101011001101101?
-10001100010101011001100100
In base 2, what is 1100010011001110101 - -1100?
1100010011010000001
In base 6, what is -1541 + 21500?
15515
In base 7, what is -3 + -260023042?
-260023045
In base 16, what is -1 + 602549d?
602549c
In base 7, what is 123256006 + -201?
123255505
In base 16, what is -106e - 14?
-1082
In base 7, what is -1310 - 13621?
-15231
In base 7, what is -11403065 - 5?
-11403103
In base 12, what is 5 + 12282?
12287
In base 7, what is 4 + 20444121?
20444125
In base 10, what is 154401549 + 0?
154401549
In base 7, what is -20343 + -2066460?
-2120133
In base 6, what is 50200050 + -24?
50200022
In base 16, what is 448 - -188b8?
18d00
In base 16, what is 3 + 4f66f02?
4f66f05
In base 11, what is -201 + 7030?
692a
In base 2, what is -1110101 + -10110111001001110?
-10110111011000011
In base 9, what is 612462 + 2?
612464
In base 7, what is -435105 + -2260?
-440365
In base 5, what is 10 - -3122042433?
3122042443
In base 10, what is -858573 - -16?
-858557
In base 6, what is 2 + 5220402?
5220404
In base 15, what is 131711c - a?
1317112
In base 5, what is 4224014310 + 1124?
4224020434
In base 15, what is 40e512 + 24?
40e536
In base 6, what is 22 - -433311124?
433311150
In base 5, what is -22322313 - 4?
-22322322
In base 2, what is 1111 - 110000000101001101011?
-110000000101001011100
In base 14, what is 2092a8 - 11?
209297
In base 8, what is -44011026 - -57?
-44010747
In base 7, what is 2263 + -4342513?
-4340220
In base 16, what is -5 - 28a8ed?
-28a8f2
In base 9, what is 41 + 6811466?
6811517
In base 9, what is 42462585 - -26?
42462622
In base 6, what is 414 + 1101520?
1102334
In base 2, what is 1000001110011 + 11111001101101?
100111011100000
In base 10, what is 2 - -3127507?
3127509
In base 15, what is -3c - d7371?
-d73ad
In base 9, what is -7656 - 110?
-7766
In base 3, what is 1011022002012002 - -1?
1011022002012010
In base 15, what is -1295b - 36e?
-12cca
In base 9, what is -4 + 26074420?
26074415
In base 8, what is 4 - -1430304042?
1430304046
In base 16, what is 1217 + -408?
e0f
In base 8, what is 110574702 - -4?
110574706
In base 15, what is 4a + -a90a27?
-a909cc
In base 11, what is 39028039 - 8?
39028031
In base 3, what is -1222002 - -110012021?
101020012
In base 3, what is -112002211222002 - -210?
-112002211221022
In base 14, what is 1b - 12868?
-1284b
In base 7, what is -1 + 502621355?
502621354
In base 12, what is 3912691 - -2?
3912693
In base 5, what is -4 + -302322423?
-302322432
In base 4, what is -22 + 2211333230?
2211333202
In base 15, what is -4 - 48a934?
-48a938
In base 5, what is -12104311400 + 11?
-12104311334
In base 9, what is -126 + -37684?
-37821
In base 14, what is 15081c + d?
15082b
In base 3, what is -122000002 + -1002002?
-200002011
In base 8, what is -350 - 4076256?
-4076626
In base 8, what is 123 - -162237?
162362
In base 6, what is -212553422450 - -3?
-212553422443
In base 12, what is -33 - -146bb?
14688
In base 15, what is 343 + -1ebb?
-1b78
In base 6, what is 2 - 153551550?
-153551544
In base 14, what is -3 + -22384c8?
-22384cb
In base 6, what is -2 + 253305402?
253305400
In base 16, what is -8b23 + -1549?
-a06c
In base 13, what is 60169a - 2?
601698
In base 3, what is 10112 + -21212121?
-21202002
In base 2, what is -10000101111001010 - 100011111?
-10000110011101001
In base 2, what is 1011101101 + -1001100000111001?
-1001010101001100
In base 6, what is 100 + 3430352?
3430452
In base 4, what is 3 + 12103310?
12103313
In base 8, what is 674 - -7042460?
7043354
In base 6, what is -2421502145 - 0?
-2421502145
In base 16, what is 8d33 - de?
8c55
In base 8, what is 344041 + 131?
344172
In base 7, what is -44 - -412503?
412426
In base 7, what is -21440222 + -3?
-21440225
In base 10, what is 7296 + 21107?
28403
In base 14, what is 15a8cbc9 - 0?
15a8cbc9
In base 2, what is -10100001000001 + -100111001000000?
-111011010000001
In base 9, what is -12283 + -25143?
-37436
In base 12, what is -102 - 5a511?
-5a613
In base 2, what is -1011 + 1101100010110111001110000?
1101100010110111001100101
In base 9, what is -447171273 + -1?
-447171274
In base 10, what is 981 + 139309?
140290
In base 15, what is 63022b + 2?
63022d
In base 16, what is 453 + 245b2?
24a05
In base 9, what is 1 + 3078436?
3078437
In base 13, what is 68910a1 + 2?
68910a3
In base 2, what is -110111010011110110111 + -100?
-110111010011110111011
In base 9, what is -782437 - -244?
-782183
In base 7, what is 15 + 15631353?
15631401
In base 7, what is -6 + -523143554?
-523143563
In base 13, what is -7 - -145984?
14597a
In base 14, what is -2 - -bc51b?
bc519
In base 2, what is 10010011000001 - -110000100000?
11000011100001
In base 8, what is -145316125 - -14?
-145316111
In base 11, what is 339142 + -168?
338a85
In base 3, what is 2 + -1212111120020?
-1212111120011
In base 8, what is 126 + 2130126?
2130254
In base 3, what is -220011122200020 + 12?
-220011122200001
In base 15, what is -17b4e - -b28?
-17026
In base 8, what is -1276777172 - -4?
-1276777166
In base 12, what is -30 + -ab885?
-ab8b5
In base 6, what is -14102140 - 30?
-14102210
In base 16, what is 100ff3 - 5?
100fee
In base 11, what is 4324a - 3857?
3a4a3
In base 3, what is 222021 - 212121201020?
-212120201222
In base 11, what is -615a362 + a4?
-615a269
In base 13, what is 26161 + -1b9?
25c75
In base 15, what is -27 - -32e6ac7?
32e6aa0
In base 5, what is 21 + -313021424?
-313021403
In base 7, what is 0 + 61344410?
61344410
In base 16, what is -3 + 77fee8a?
77fee87
In base 13, what is 2 + -19594324?
-19594322
In base 4, what is 22012 - -201122?
223200
In base 6, what is -131044003511 + -1?
-131044003512
In base 11, what is -1a2a989 + 15?
-1a2a974
In base 6, what is 20554013 + 34?
20554051
In base 2, what is 10011001 + 111111111011100000110?
111111111011110011111
In base 4, what is 12 + -2222101110312?
-2222101110300
In base 11, what is 253 + -134774a?
-13474a7
In base 4, what is 12 + 212223301230?
212223301302
In base 14, what is -4b57d - 1ca?
-4b769
In base 2, what is -1110101110111111101111110 - -11?
-1110101110111111101111011
In base 4, what is 10132 - 2032123?
-2021331
In base 11, what is -232 + 378805?
378583
In base 16, what is 1 - -35ed128?
35ed129
In base 13, what is -17b426 - 34?
-17b45a
In base 8, what is 0 - -1075201?
1075201
In base 9, what is -842630 - -20?
-842610
In base 5, what is -213 - -140432431?
140432213
In base 15, what is 283 + 2823d1?
282664
In base 16, what is -159 + f0cea?
f0b91
In base 12, what is 2 - a77aa7?
-a77aa5
In base 15, what is 3353 - e41?
2412
In base 3, what is -112021012 + -2110011221?
-2222110010
In base 6, what is 5 + -11322225103?
-11322225054
In base 9, what is -2418 - 155700?
-158218
In base 14, what is 4ba8 - 17?
4b91
In base 4, what is -2 + -31212133221?
-31212133223
In base 2, what is 10010010011100 - -101111001101110?
1000001100001010
In base 2, what is -10100001010111011101 - 10101?
-10100001010111110010
In base 2, what is 101 + 110001101001010100001001?
110001101001010100001110
In base 2, what is 11001110010001000 + -1010100111?
11001100111100001
In base 15, what is 20d0e37 - -3?
20d0e3a
In base 15, what is 8524415 - 1?
8524414
In base 16, what is 3 + -260df2?
-260def
In base 10, what is 31 - 13339224?
-13339193
In base 6, what is 20501 + -2514044?
-2453143
In base 16, what is 4c + -11580?
-11534
In base 2, what is -10011001 + 11010011001111101100?
11010011001101010011
In base 7, what is -304554 - 3334?
-311221
In base 8, what is 63254602 + -31?
63254551
In base 9, what is -1 + 44335336?
44335335
In base 10, what is 1726 + 203326?
205052
In base 14, what is 9a6 + -c42?
-27a
In base 13, what is 0 - 5c900c3?
-5c900c3
In base 10, what is 39004528 + 5?
39004533
In base 15, what is -5894de7 + -5?
-5894dec
In base 6, what is -1550 + 3321515?
3315525
In base 10, what is 381347 - 936?
380411
In base 7, what is -135 - -16241166?
16241031
In base 14, what is 3b6 + b843?
bc19
In base 6, what is -245350 - 1254?
-251044
In base 9, what is -53307316 + -2?
-53307318
In base 16, what is -370c86 + 9?
-370c7d
In base 3, what is -1 - 